
23
Calculate the remainder when 942 is divided by 41.
40
Calculate the remainder when 48397 is divided by 221.
219
What is the remainder when 1500 is divided by 1493?
7
What is the remainder when 377 is divided by 192?
185
What is the remainder when 4604 is divided by 243?
230
What is the remainder when 494 is divided by 330?
164
What is the remainder when 174 is divided by 88?
86
Calculate the remainder when 9052 is divided by 12.
4
What is the remainder when 179 is divided by 60?
59
What is the remainder when 573 is divided by 190?
3
Calculate the remainder when 16 is divided by 2.
0
Calculate the remainder when 172 is divided by 77.
18
What is the remainder when 196 is divided by 50?
46
What is the remainder when 147 is divided by 93?
54
Calculate the remainder when 176 is divided by 90.
86
Calculate the remainder when 228 is divided by 81.
66
What is the remainder when 856 is divided by 7?
2
What is the remainder when 338 is divided by 47?
9
Calculate the remainder when 2641 is divided by 1317.
7
Calculate the remainder when 3008 is divided by 111.
11
Calculate the remainder when 681 is divided by 22.
21
What is the remainder when 123 is divided by 32?
27
Calculate the remainder when 3 is divided by 3.
0
What is the remainder when 245 is divided by 125?
120
What is the remainder when 121 is divided by 44?
33
Calculate the remainder when 1016 is divided by 30.
26
What is the remainder when 422 is divided by 33?
26
Calculate the remainder when 134 is divided by 60.
14
Calculate the remainder when 290 is divided by 21.
17
What is the remainder when 215 is divided by 28?
19
What is the remainder when 258 is divided by 209?
49
What is the remainder when 1945 is divided by 11?
9
What is the remainder when 472 is divided by 26?
4
What is the remainder when 373 is divided by 279?
94
What is the remainder when 546 is divided by 9?
6
Calculate the remainder when 82 is divided by 47.
35
What is the remainder when 208 is divided by 117?
91
What is the remainder when 116 is divided by 32?
20
Calculate the remainder when 47 is divided by 35.
12
What is the remainder when 268 is divided by 30?
28
Calculate the remainder when 484 is divided by 35.
29
Calculate the remainder when 31307 is divided by 239.
237
Calculate the remainder when 2318 is divided by 232.
230
Calculate the remainder when 230 is divided by 39.
35
What is the remainder when 784 is divided by 79?
73
Calculate the remainder when 59 is divided by 20.
19
What is the remainder when 246 is divided by 25?
21
What is the remainder when 143 is divided by 8?
7
What is the remainder when 1164 is divided by 15?
9
What is the remainder when 726 is divided by 10?
6
What is the remainder when 78 is divided by 21?
15
Calculate the remainder when 17 is divided by 6.
5
What is the remainder when 380 is divided by 24?
20
What is the remainder when 5739 is divided by 101?
83
What is the remainder when 1043 is divided by 253?
31
What is the remainder when 612 is divided by 97?
30
Calculate the remainder when 197 is divided by 67.
63
Calculate the remainder when 259 is divided by 11.
6
Calculate the remainder when 620 is divided by 205.
5
What is the remainder when 477 is divided by 80?
77
What is the remainder when 358 is divided by 33?
28
Calculate the remainder when 140 is divided by 11.
8
Calculate the remainder when 932 is divided by 67.
61
What is the remainder when 653 is divided by 17?
7
Calculate the remainder when 39 is divided by 12.
3
What is the remainder when 111 is divided by 14?
13
What is the remainder when 11913 is divided by 137?
131
What is the remainder when 109 is divided by 41?
27
Calculate the remainder when 5851 is divided by 41.
29
What is the remainder when 201 is divided by 12?
9
What is the remainder when 263 is divided by 68?
59
What is the remainder when 1370 is divided by 34?
10
Calculate the remainder when 906 is divided by 27.
15
Calculate the remainder when 6642 is divided by 7.
6
What is the remainder when 281 is divided by 132?
17
Calculate the remainder when 6136 is divided by 89.
84
Calculate the remainder when 212 is divided by 58.
38
Calculate the remainder when 137 is divided by 18.
11
What is the remainder when 86 is divided by 80?
6
Calculate the remainder when 93 is divided by 17.
8
Calculate the remainder when 1918 is divided by 22.
4
What is the remainder when 781 is divided by 388?
5
Calculate the remainder when 75 is divided by 21.
12
Calculate the remainder when 436 is divided by 237.
199
What is the remainder when 70 is divided by 50?
20
What is the remainder when 2714 is divided by 62?
48
Calculate the remainder when 5308 is divided by 30.
28
Calculate the remainder when 735 is divided by 191.
162
Calculate the remainder when 1797 is divided by 20.
17
Calculate the remainder when 2559 is divided by 64.
63
Calculate the remainder when 70 is divided by 26.
18
What is the remainder when 21 is divided by 11?
10
Calculate the remainder when 668 is divided by 25.
18
Calculate the remainder when 2343 is divided by 106.
11
Calculate the remainder when 222 is divided by 39.
27
What is the remainder when 198 is divided by 103?
95
What is the remainder when 789 is divided by 88?
85
What is the remainder when 2228 is divided by 2194?
34
What is the remainder when 1977 is divided by 257?
178
What is the remainder when 398 is divided by 16?
14
What is the remainder when 10734 is divided by 113?
112
Calculate the remainder when 172 is divided by 14.
4
Calculate the remainder when 38 is divided by 20.
18
What is the remainder when 546 is divided by 305?
241
Calculate the remainder when 4904 is divided by 22.
20
Calculate the remainder when 3629 is divided by 70.
59
What is the remainder when 2724 is divided by 35?
29
Calculate the remainder when 1374 is divided by 3.
0
Calculate the remainder when 1798 is divided by 180.
178
What is the remainder when 202 is divided by 29?
28
What is the remainder when 3287 is divided by 13?
11
Calculate the remainder when 212 is divided by 32.
20
Calculate the remainder when 3747 is divided by 163.
161
Calculate the remainder when 459 is divided by 80.
59
Calculate the remainder when 189 is divided by 26.
7
What is the remainder when 54 is divided by 33?
21
What is the remainder when 3717 is divided by 155?
152
Calculate the remainder when 416 is divided by 27.
11
What is the remainder when 1086 is divided by 136?
134
What is the remainder when 193 is divided by 190?
3
Calculate the remainder when 2091 is divided by 21.
12
Calculate the remainder when 716 is divided by 38.
32
What is the remainder when 5984 is divided by 53?
48
What is the remainder when 443 is divided by 16?
11
What is the remainder when 592 is divided by 22?
20
Calculate the remainder when 90 is divided by 7.
6
Calculate the remainder when 2724 is divided by 39.
33
Calculate the remainder when 347 is divided by 16.
11
Calculate the remainder when 405 is divided by 107.
84
Calculate the remainder when 65 is divided by 51.
14
Calculate the remainder when 1515 is divided by 89.
2
What is the remainder when 772 is divided by 16?
4
Calculate the remainder when 103 is divided by 89.
14
Calculate the remainder when 538 is divided by 297.
241
What is the remainder when 1310 is divided by 261?
5
Calculate the remainder when 3186 is divided by 355.
346
What is the remainder when 198 is divided by 32?
6
What is the remainder when 707 is divided by 142?
139
What is the remainder when 2115 is divided by 4?
3
What is the remainder when 1930 is divided by 22?
16
What is the remainder when 58 is divided by 20?
18
What is the remainder when 1305 is divided by 373?
186
Calculate the remainder when 2902 is divided by 104.
94
What is the remainder when 1932 is divided by 213?
15
Calculate the remainder when 60 is divided by 31.
29
What is the remainder when 29 is divided by 11?
7
Calculate the remainder when 4499 is divided by 125.
124
What is the remainder when 15957 is divided by 133?
130
Calculate the remainder when 627 is divided by 212.
203
What is the remainder when 463 is divided by 39?
34
What is the remainder when 40139 is divided by 90?
89
Calculate the remainder when 377 is divided by 127.
123
Calculate the remainder when 286 is divided by 43.
28
Calculate the remainder wh